/(-4*(-5)/(-1313620)*11)?
1
Suppose -3*t + 34836 = -35955. What is the thousands digit of t?
3
Let q = 6789 - -2906. What is the tens digit of q?
9
Suppose 85*u - 11765 = 84*u + 2*g, 58804 = 5*u - 3*g. What is the thousands digit of u?
1
Suppose 2*d - 34163 = -l, 5*d - 23*l - 85481 = -15*l. What is the units digit of d?
5
Let h(o) = -o**3 + 6*o**2 + 8*o - 3. Let l be h(7). Suppose -l*i = -3*p + 30, -2*i + 6*p = p + 22. What is the tens digit of 678*((-4)/i - 12/36)?
2
Suppose -v + 3*l = -90, -17*v - 3*l + 225 = -15*v. Suppose -3370 = b - 2*b. What is the tens digit of 3*(b/v - 8/(-14))?
9
Suppose -3*n = 3*y - 6369, 2*n = 3*y - 3*n - 6393. What is the units digit of y?
6
Let z(w) = 9*w**2 + 6*w + 7. Let s be z(5). Suppose -3*j - 122 = s. Let h = j + 217. What is the units digit of h?
9
Let p be (-9)/(-21)*(-14)/(-2). Suppose -2*t + 5*h = -p*t + 131, -3*t - 2*h + 380 = 0. What is the tens digit of t?
2
Let p(x) = -x**3 - 17*x**2 + 41*x + 59. Let u be p(-19). Let o be 391 + (-2)/(-1 - 1). Suppose 6*d = u*d + o. What is the tens digit of d?
9
Let j = 460 - 452. Suppose -j*h + 2066 = -2326. What is the tens digit of h?
4
Suppose -3*w - 15 - 3 = 0. Let o be (w/15 + 34/10)*3. Suppose -o = -r + 31. What is the units digit of r?
0
Let c(p) = 5*p**2 + 5*p + 2. Let a be c(-5). Suppose 0 = -2*f + a - 38. Suppose -b + f = -6. What is the tens digit of b?
3
Suppose 15*s = -2900 + 16325. Suppose 8 = 2*b, -3*b - 4 - 20 = -4*p. Suppose 14*g = p*g + s. What is the hundreds digit of g?
1
Let u(s) = 27*s**2 + 3*s + 5. Suppose -2 = 3*m + 4. Let d be u(m). Suppose -66 = -3*g + 5*a + d, -3*g - a + 167 = 0. What is the tens digit of g?
5
Let u = 91 + -92. Let m be (8 + -9)/(u + (-4)/(-6)). Suppose m*k = q - 176, -2*q = -k - k - 344. What is the units digit of q?
0
Let u be -14*96/18 + 3/(-9). What is the hundreds digit of ((-22)/(-6))/(u/(-12825))?
6
What is the thousands digit of (156/9 - 3)/(2/822) - 2?
5
Suppose -3*u + 3*j = -4*u + 12, 5*j - 60 = -5*u. What is the tens digit of -2 - (u/(-9) - (-1725)/(-9))?
9
Let j(g) = g**3 + 18*g**2 + 19*g + 34. Let o be j(-17). Suppose o = 3*v + 2*v + u - 1119, -3*u = -2*v + 434. What is the units digit of v?
3
Let u(n) = -n**3 + 2*n**2 + 13*n. What is the tens digit of u(-5)?
1
Let x = 29318 + -7459. What is the thousands digit of x?
1
Let d(n) be the first derivative of 2*n**3/3 + 10*n**2 - 123*n + 82. What is the hundreds digit of d(7)?
1
Let h(v) be the second derivative of -v**3/6 + 5*v**2 + 4*v. Let b be h(8). Let z(s) = 5*s - 5. What is the units digit of z(b)?
5
Let o(h) = -4*h. Let p(u) = -5*u**2 + 3*u + 3. Let r(j) = -2*o(j) - p(j). Suppose 3*y + 0 = 9. What is the units digit of r(y)?
7
Let i(x) = 441*x + 1438. What is the units digit of i(26)?
4
Suppose -3*n + 162 - 426 = 0. Let k = -63 - n. Suppose 0 = c - 17 - k. What is the tens digit of c?
4
Suppose 0 = 15*b - 17712 + 2892. Let d = 170 + b. What is the units digit of d?
8
Suppose -54494 = -4*h + 5*s, h - 20*s = -16*s + 13629. What is the thousands digit of h?
3
Let z be 171/(-33) - (-10)/55. Let q be (-46)/z + -6 - 2/10. Suppose -5*h + 170 = u, -5*u = q*h - 89 - 35. What is the tens digit of h?
3
Let f = 12160 - 5448. What is the tens digit of f?
1
Suppose 0 = -3*q - 5*o + 41893, 2*q + o - 23576 = 4348. What is the hundreds digit of q?
9
Let a = 6195 - 179. What is the tens digit of a?
1
Let z(f) = 9349*f**3 + 4*f**2 + 27*f - 31. What is the tens digit of z(1)?
4
Suppose 9*k - 317731 = -2*k - 11271. What is the units digit of k?
0
Let y(c) = c**2 + 6. Suppose -2*t + 32 = -2*r, 5*r = -5*t + 3*r + 94. Suppose -t = -26*x + 29*x. What is the units digit of y(x)?
2
Suppose 3*u - f - 3*f + 1144 = 0, -2*u - 4*f - 776 = 0. Let k = u - -607. What is the units digit of k?
3
Suppose z - 9 = 5*f + 4, -z = -4*f - 11. Let q be (231 - z)*((-1)/1)/(-2). Suppose -5*u = q - 409. What is the tens digit of u?
5
Suppose 3*i - 3*g + 3728 = 407, -2*g - 2218 = 2*i. Let o = i - -1690. Suppose o = 5*f + f. What is the units digit of f?
7
Let f(j) be the second derivative of j**6/10 + j**5/20 - j**3/2 - 3*j**2 + 6*j. Let r(p) be the first derivative of f(p). What is the units digit of r(2)?
5
Let f(w) = -10*w - 3. Let q be f(-6). Suppose 35 = -3*j + 8*j - o, 5*o = -4*j + q. What is the units digit of (170/j)/(-2 + (-9)/(-4))?
5
Let u be (-24)/132 - (-57)/11. Suppose -u*j + 9*j - 801 = -5*g, g = -j + 201. What is the tens digit of j?
0
Let x(c) = -2*c**3 - 3*c**2 + 13*c - 8. Let g(k) = k**3 - k**2 - k - 1. Let y(m) = 5*g(m) + x(m). Let f be y(6). Let z = -265 + f. What is the tens digit of z?
3
Suppose 0 = 3*i - 6*i - 90. Let o(h) = -2*h**3 - 38*h**2 - 4*h - 15. Let z be o(-19). Let l = z + i. What is the units digit of l?
1
Let n(f) = 1086*f - 1374. What is the thousands digit of n(74)?
8
Let s(b) = 2502*b + 4913. What is the tens digit of s(9)?
3
Suppose 48 = 2*j + 2*c, 2*c - 9 = 5*c. Suppose 7526 + 9322 = j*u. What is the hundreds digit of u?
6
What is the thousands digit of (-86331)/(-28) - (-4 + 65/20)?
3
Let c(k) = -k**3 + 47*k**2 - 345*k - 56. What is the hundreds digit of c(22)?
4
Let p be (-3 - 1) + 5*14. Suppose -p + 12 = -9*n. What is the tens digit of ((-2037)/(-9))/7 + (-2)/n?
3
Suppose -3*p + 22 = 2*g - p, -5*p - 44 = -4*g. Let y(i) = 5*i**2 - 27*i + 47. What is the hundreds digit of y(g)?
3
Suppose 155*f + 147654 = 181*f. What is the hundreds digit of f?
6
Let f(i) = -i**2 - 5*i + 11. Let c be f(0). Suppose 5*a = 36 - c. Suppose -2*p = 5*s - 7*p - 245, 4*s - 197 = a*p. What is the units digit of s?
8
Suppose 6*o - 48 = 3*o + 5*y, -2*y = -2*o + 28. Let s(x) = 3*x**2 - 21*x + 11. What is the units digit of s(o)?
3
Let r(c) = 323*c**3 + 13*c**2 + 3*c - 33. What is the thousands digit of r(4)?
0
Let r(l) = 14*l - 46. Let o be r(-5). Let f = o - -333. What is the units digit of f?
7
Let u(x) = 75*x**2 - 4*x + 7. Let a be u(1). Let c = 162 - a. What is the tens digit of c?
8
Let y(o) be the second derivative of -o**5/20 + 11*o**4/12 + o**3/3 - o**2/2 - 11*o. Let i be y(11). What is the tens digit of 2/(-7) + (-36)/i + 243?
4
Suppose -3*l + 5*k = -14343, 38*l - 3*k = 42*l - 19182. What is the thousands digit of l?
4
Let g(l) be the second derivative of -3*l**3/2 - 51*l**2/2 + 8*l. Let z be g(-13). What is the tens digit of (62/(-93))/((-1)/z)?
4
Let r = 511 - 510. What is the units digit of (6477 - r)*((-882)/56 - -16)?
9
What is the units digit of (-50 + -5)*(-3)/(15/29)?
9
Let j be (-5)/(-30)*3*2. What is the hundreds digit of j/4 - 34738/(-88)?
3
Let j = 8054 + -8045. Let m(o) = 33*o - 35. Let b(l) = l - 1. Let i(h) = -4*b(h) + m(h). What is the tens digit of i(j)?
3
Suppose s - 92897 = -3*z, -33*z - 4*s = -32*z - 30973. What is the thousands digit of z?
0
What is the ten thousands digit of (29665/17 + -12)*(0 - -6)?
1
Let t(o) = -1 - 1 + o**2 - 223*o**3 - 3*o - 2*o - 5*o**2. What is the tens digit of t(-1)?
2
Let o = 16 + -10. Let l(z) = 6*z - 96. Let v be l(27). Suppose o*j = 8*j - v. What is the tens digit of j?
3
Let q(z) = -z - 34. Let y be q(-16). Let n = 44 + y. Let k(x) = x**3 - 27*x**2 + 30*x - 32. What is the tens digit of k(n)?
7
Suppose 0 = 7*j + 20*f - 15*f - 148630, 0 = 3*j + 5*f - 63690. What is the thousands digit of j?
1
Let b = -32 - -37. Let g(w) = 5*w**2 - 7*w - 4. Let d be g(b). Suppose 3*x - k - d = 106, -2*k = 5*x - 331. What is the units digit of x?
5
What is the hundreds digit of (0 + 1 + -23440)*(-8360)/2508?
1
Suppose -15 = -5*j, 4*v + 0*v - 4*j - 28 = 0. Let y be (-3)/(-5) - (-34)/v. Suppose 487 = y*s + 75. What is the units digit of s?
3
Let x = 28 - 16. Suppose -y - 2*p = -20, -10*y = -x*y + 5*p + 22. What is the tens digit of y/(-3)*9/(-2)?
2
Let h(t) be the second derivative of -8*t**3/3 + 8*t**2 - 48*t. What is the units digit of h(-12)?
8
Suppose -s + 11 = -3*s + 5*v, -v + 33 = 4*s. Suppose o + 5 = s. Suppose o*z - z = 4*h + 55, 3*h - 6 = 0. What is the tens digit of z?
6
Suppose 110 = 2*b + 5*y, 55 = b + 9*y - 5*y. Let m(j) = 2*j**3 + 32*j**2 - 4*j + 6. Let v be m(-16). Let k = v - b. What is the units digit of k?
5
Let x = -2566 - -4647. What is the units digit of x?
1
Let c(t) = -t. Let p(s) = s**3 - 10*s**2 + 11*s + 8. Let l(g) = -3*c(g) - p(g). Suppose 27 = 18*z - 15*z. What is the units digit of l(z)?
1
Let w = 5281 - 776. What is the